ulate the greatest common factor of 14120 and 66790.
10
What is the greatest common divisor of 4695 and 11457678?
939
Calculate the highest common factor of 4709298 and 8.
2
What is the greatest common factor of 891 and 2814174?
99
Calculate the highest common divisor of 33351659 and 539.
11
Calculate the highest common factor of 92984 and 338424.
472
Calculate the highest common factor of 372080 and 1960.
40
Calculate the highest common factor of 3025 and 523809.
121
Calculate the greatest common factor of 10672218 and 205.
41
Calculate the highest common divisor of 19454004 and 450.
18
What is the highest common factor of 453622 and 896805?
949
What is the highest common divisor of 728 and 173974528?
728
What is the highest common factor of 13840875 and 2125?
125
What is the greatest common factor of 37460 and 6860?
20
Calculate the greatest common factor of 3830086 and 754.
26
Calculate the greatest common divisor of 49737 and 1339536.
177
Calculate the highest common divisor of 276547 and 3007.
97
What is the greatest common divisor of 558 and 1286283?
93
Calculate the greatest common factor of 2213 and 98374489.
2213
What is the highest common factor of 30 and 401871840?
30
What is the highest common divisor of 30456 and 506472?
1128
Calculate the highest common divisor of 168610 and 407550.
130
What is the greatest common factor of 118531 and 8884987?
2419
Calculate the greatest common factor of 14913 and 1859452260.
4971
What is the highest common factor of 950 and 168643050?
950
What is the highest common divisor of 56506342 and 532?
38
What is the greatest common factor of 1815 and 372970400?
605
Calculate the greatest common factor of 3136 and 6385386.
98
What is the highest common factor of 274061302 and 5596?
2798
Calculate the greatest common factor of 68887140 and 3822.
294
Calculate the greatest common divisor of 2007596 and 32.
4
Calculate the highest common factor of 73078406 and 69.
23
Calculate the highest common divisor of 12 and 8506308.
12
What is the greatest common factor of 1120 and 10469872?
112
What is the greatest common factor of 254111 and 20683?
13
Calculate the greatest common factor of 631475 and 116580.
9715
What is the greatest common divisor of 140840 and 129640?
280
Calculate the greatest common factor of 6097648 and 48.
16
Calculate the greatest common divisor of 17 and 270369190.
17
Calculate the highest common factor of 183185 and 410.
5
Calculate the highest common factor of 145 and 4015427.
29
What is the highest common factor of 61850488 and 4216?
136
What is the highest common divisor of 984343 and 452?
113
What is the highest common divisor of 682 and 4603159?
341
Calculate the greatest common divisor of 476773422 and 258.
258
What is the greatest common divisor of 675 and 733995?
135
Calculate the highest common factor of 121331 and 574.
7
Calculate the highest common factor of 116 and 356663025.
29
What is the greatest common divisor of 18 and 65280249?
9
Calculate the greatest common factor of 154360780 and 35.
35
Calculate the highest common factor of 5740685 and 2300.
115
Calculate the highest common factor of 596055432 and 28.
28
Calculate the greatest common factor of 30475 and 4800475.
1325
Calculate the highest common divisor of 1744 and 127966.
218
Calculate the greatest common divisor of 80593 and 9047.
83
What is the greatest common factor of 9425311 and 399?
133
What is the highest common factor of 9348 and 6251352?
492
What is the greatest common factor of 117 and 6286839?
39
What is the highest common divisor of 1092842 and 95?
19
What is the greatest common divisor of 153 and 1067719?
17
Calculate the greatest common divisor of 15353340 and 240.
60
What is the greatest common factor of 528 and 2456355?
33
What is the highest common divisor of 58387 and 32053?
133
What is the highest common divisor of 945 and 107390710?
35
What is the greatest common divisor of 154 and 724413998?
154
What is the highest common factor of 19822 and 174641?
17
What is the highest common factor of 132 and 123199296?
132
Calculate the highest common factor of 3909234 and 222.
6
What is the highest common divisor of 384 and 204267552?
96
What is the highest common factor of 208210240 and 280?
280
Calculate the highest common divisor of 37 and 50080203.
37
What is the greatest common factor of 279918128 and 168?
56
Calculate the highest common divisor of 133046796 and 84.
12
Calculate the greatest common factor of 50314 and 319.
11
Calculate the greatest common factor of 32327379 and 1434.
717
What is the greatest common divisor of 3196677 and 1622093?
6787
Calculate the highest common divisor of 23 and 226902659.
23
Calculate the highest common factor of 50120 and 471432.
8
What is the highest common divisor of 447645 and 23745?
15
What is the greatest common factor of 357 and 1068858?
357
What is the highest common divisor of 361442574 and 6316?
3158
Calculate the greatest common factor of 159620 and 4629674.
694
Calculate the greatest common divisor of 9507069 and 819.
117
Calculate the highest common factor of 231243415 and 20.
5
Calculate the highest common factor of 137 and 119233.
1
Calculate the highest common factor of 9016106 and 5346.
22
Calculate the greatest common factor of 133427945 and 595.
35
Calculate the greatest common factor of 1080 and 14467275.
135
What is the greatest common factor of 33517 and 6340884?
121
Calculate the greatest common factor of 32906296 and 42448.
3032
What is the highest common factor of 36102140 and 1025?
205
What is the highest common factor of 74244188 and 7876?
716
What is the greatest common factor of 110 and 18978036?
22
What is the highest common factor of 59072 and 1612?
52
Calculate the highest common factor of 37536 and 853536.
1632
Calculate the greatest common factor of 2101596 and 1402443.
4137
Calculate the greatest common factor of 607306 and 24998698.
12394
Calculate the greatest common divisor of 4959420 and 30.
30
What is the highest common divisor of 3208439 and 8593?
13
Calculate the greatest common factor of 63813224 and 696.
232
Calculate the greatest common divisor of 207476607 and 78.
39
What is the highest common factor of 36386680 and 4400?
440
What is the greatest common factor of 6671757 and 873?
291
Calculate the highest common divisor of 41454 and 246503908.
4606
Calculate the greatest common factor of 440750 and 32144.
82
What is the highest common divisor of 5907477 and 141?
141
What is the highest common factor of 87 and 708051?
3
Calculate the greatest common factor of 37 and 391298717.
37
Calculate the greatest common factor of 36394324 and 548.
548
What is the highest common divisor of 50336 and 4864288?
4576
What is the greatest common factor of 76092412 and 220?
44
Calculate the greatest common factor of 3490 and 2870030.
10
What is the highest common factor of 3719520 and 9891?
63
Calculate the greatest common factor of 2008 and 24732536.
2008
Calculate the greatest common divisor of 86595 and 549240.
345
Calculate the greatest common divisor of 146884288 and 1791.
199
Calculate the highest common divisor of 2842713 and 270.
9
What is the greatest common divisor of 728 and 61843432?
56
Calculate the highest common divisor of 11007 and 188469.
9
What is the highest common factor of 4521 and 655281?
33
Calculate the highest common factor of 1953387 and 15113.
127
What is the greatest common divisor of 442072 and 44?
4
What is the highest common factor of 1225692 and 396?
36
Calculate the highest common divisor of 1559572 and 17876.
436
What is the highest common divisor of 158144 and 17668?
28
What is the highest common factor of 14970585 and 39675?
345
What is the greatest common divisor of 392292 and 1908?
36
Calculate the greatest common factor of 56 and 25186224.
56
What is the highest common factor of 6890 and 4374461?
689
Calculate the highest common factor of 129 and 770087.
43
Calculate the highest common divisor of 70090165 and 39275.
7855
Calculate the greatest common divisor of 1120602 and 854.
14
What is the highest common factor of 261 and 7731225?
9
Calculate the greatest common divisor of 157885380 and 34695.
11565
Calculate the highest common divisor of 126650 and 14246.
34
Calculate the highest common facto